1143 + -5?
-131152
In base 16, what is 65 - 3f?
26
In base 4, what is 32020 + 1?
32021
In base 6, what is 0 - 11124?
-11124
In base 15, what is -10 + -10?
-20
In base 3, what is -1011 + 20?
-221
In base 13, what is -1c + b?
-11
In base 12, what is 14 - -19?
31
In base 6, what is 4 + 41024?
41032
In base 16, what is 4 + 5b?
5f
In base 3, what is -12012 + -11?
-12100
In base 3, what is -1200 + -10?
-1210
In base 6, what is -223 - 3?
-230
In base 6, what is -2 + 23?
21
In base 2, what is 11001 + 1000?
100001
In base 7, what is 25 + 313?
341
In base 12, what is -1 - 23?
-24
In base 12, what is 20 + 28?
48
In base 11, what is 146 - 3?
143
In base 14, what is 795 - -2?
797
In base 6, what is -25121 - -1?
-25120
In base 14, what is -3 - -1c3?
1c0
In base 16, what is 10e + -10?
fe
In base 2, what is -111101 + 11101?
-100000
In base 4, what is -11 - -1132?
1121
In base 7, what is 4 - -2?
6
In base 8, what is -4172 - -7?
-4163
In base 13, what is -2 - -206?
204
In base 16, what is 355 - -3?
358
In base 2, what is -1 - -10100101?
10100100
In base 16, what is -b - 248?
-253
In base 16, what is 1 + 100?
101
In base 5, what is 30 - 110?
-30
In base 9, what is 5 + -16?
-11
In base 9, what is -17 + 518?
501
In base 5, what is 11 + -4404?
-4343
In base 5, what is -3 + -2243?
-2301
In base 16, what is -2 + -2b5?
-2b7
In base 10, what is -1970 + -6?
-1976
In base 16, what is d7 + 4?
db
In base 7, what is 4 - 1025?
-1021
In base 6, what is 215 + 12?
231
In base 9, what is 38 - -3?
42
In base 7, what is 32 + -4?
25
In base 11, what is 3 + -5a?
-57
In base 16, what is 3cd + 4?
3d1
In base 7, what is -643 - 4?
-650
In base 14, what is 3 + 1ca4?
1ca7
In base 11, what is 56 - 14?
42
In base 2, what is -11 - -10011000001?
10010111110
In base 11, what is -13 - 10?
-23
In base 10, what is 43 - -50?
93
In base 13, what is 5 - -50?
55
In base 6, what is 4 - 15154?
-15150
In base 9, what is 1308 + -3?
1305
In base 11, what is 57 - -4?
60
In base 12, what is -199b - 5?
-19a4
In base 14, what is -565 - -4?
-561
In base 14, what is 51 - 0?
51
In base 5, what is 3 + 22013?
22021
In base 11, what is 653 + 3?
656
In base 11, what is 1 - 4710?
-470a
In base 15, what is b - -1?
c
In base 6, what is 22 - -33?
55
In base 3, what is -2 - -1000?
221
In base 14, what is -a3 + 3?
-a0
In base 6, what is 34324 + -4?
34320
In base 13, what is -3 + 5b?
58
In base 8, what is -6 - -1175?
1167
In base 5, what is 2 - -210142?
210144
In base 6, what is 53 - 41?
12
In base 14, what is 2 + 1ca?
1cc
In base 12, what is 7 + 33?
3a
In base 10, what is -5 + -1737?
-1742
In base 4, what is 12201 - -11?
12212
In base 9, what is 1753 - 2?
1751
In base 11, what is 112 + 56?
168
In base 11, what is -513 - 15?
-528
In base 15, what is 5 - 291?
-28b
In base 10, what is 169 + 7?
176
In base 7, what is -2 - -2001?
1666
In base 9, what is 0 + -3442?
-3442
In base 4, what is -10 + 300?
230
In base 7, what is -30 + 1?
-26
In base 14, what is -2c - 23?
-51
In base 15, what is -1 + 51a?
519
In base 2, what is -1100010101 - 100?
-1100011001
In base 4, what is 1 - 22021?
-22020
In base 2, what is 10001011 + -101?
10000110
In base 8, what is 122 + -23?
77
In base 11, what is 5 - 59?
-54
In base 7, what is -14413 + -2?
-14415
In base 7, what is 534 + 106?
643
In base 5, what is -430 - 1?
-431
In base 13, what is 5 - -161?
166
In base 13, what is 2b75 - 5?
2b70
In base 4, what is -1011013 + -10?
-1011023
In base 4, what is 2100 - -321?
3021
In base 5, what is -10300 - 31?
-10331
In base 6, what is -3 - -14151?
14144
In base 9, what is 30 + -28?
1
In base 2, what is 100 - 1001100101111?
-1001100101011
In base 6, what is 1222 + -5?
1213
In base 5, what is -1301 + -14?
-1320
In base 5, what is 1 - -322?
323
In base 9, what is 5 + -1283?
-1277
In base 7, what is 30 + -4?
23
In base 5, what is 2024 - -32?
2111
In base 3, what is 2220 - 0?
2220
In base 2, what is -1001 + -100000?
-101001
In base 3, what is 0 - 10201?
-10201
In base 12, what is -3 - 30a0?
-30a3
In base 16, what is 6 - 11?
-b
In base 9, what is 35 + -377?
-342
In base 4, what is -10 - 1123?
-1133
In base 11, what is 163 + 1?
164
In base 3, what is 1011 + -12012?
-11001
In base 3, what is 21 - 1012?
-221
In base 7, what is 3 - 3145?
-3142
In base 10, what is -3 + -83?
-86
In base 4, what is -3 - -10223?
10220
In base 7, what is 21 - 103?
-52
In base 13, what is 9 - 13a?
-131
In base 5, what is 1344114 - -10?
1344124
In base 16, what is 14 + 5?
19
In base 9, what is -11 - -32?
21
In base 10, what is 2 + -533?
-531
In base 14, what is 1 + 1a?
1b
In base 8, what is 30 - 317?
-267
In base 10, what is 6 + 4?
10
In base 10, what is -4566 + 0?
-4566
In base 12, what is -5 - -33?
2a
In base 16, what is 47 + 14?
5b
In base 6, what is 203 - 0?
203
In base 13, what is -105a - -2?
-1058
In base 9, what is 3 - -4751?
4754
In base 16, what is -1 + 1fc?
1fb
In base 7, what is -6 + 51?
42
In base 6, what is -3 - -4?
1
In base 8, what is -374 - 2?
-376
In base 15, what is 0 + 221?
221
In base 4, what is -103 - 1?
-110
In base 11, what is -2 - -23?
21
In base 7, what is -2530 - 0?
-2530
In base 6, what is -25 + 21?
-4
In base 3, what is -11 - -1211110?
1211022
In base 16, what is 8 - -594?
59c
In base 9, what is 305 - -5?
311
In base 5, what is 4 + 20114?
20123
In base 2, what is 11011 + 11001001?
11100100
In base 10, what is 3 - 1252?
-1249
In base 13, what is 16 + 147?
160
In base 2, what is -1011010001 + -10011?
-1011100100
In base 8, what is 5 + 313?
320
In base 14, what is -4 + 21?
1b
In base 3, what is -201 + -112?
-1020
In base 16, what is 2 + -2a?
-28
In base 10, what is 29 + 12?
41
In base 14, what is -15 + -6?
-1b
In base 16, what is -37e5 - 3?
-37e8
In base 5, what is -31 + 430?
344
In base 8, what is -53 - -10?
-43
In base 15, what is -24 - -14?
-10
In base 2, what is 10110110011 + -11?
10110110000
In base 10, what is 48 - -4?
52
In base 10, what is 457 + -2?
455
In base 12, what is -2 + -56?
-58
In base 11, what is -18 + 122?
105
In base 4, what is -11 - -10220?
10203
In base 3, what is 20022121 + 11?
20022202
In base 5, what is -1040 + -33?
-1123
In base 9, what is -54 - 7?
-62
In base 2, what is 110001000 + -11001?
101101111
In base 15, what is 1 + 35?
36
In base 6, what is 4 - 153?
-145
In base 12, what is 1b6 + 0?
1b6
In base 3, what is 100 - -1?
101
In base 4, what is -31 - -301?
210
In base 14, what is 9 + -7?
2
In base 11, what is 35 + 8?
42
In base 11, what is 230 + 2?
232
In base 7, what is -52 + 203?
121
In base 10, what is 94 + -19?
75
In base 11, what is -6 + 49?
43
In base 7, what is 125 + 6?
134
In base 9, what is 842 - -11?
853
In base 2, what is 111001100 + 10?
111001110
In base 15, what is -1bd + e?
-1ae
In base 5, what is 10 + -13033?
-13023
In base 10, what is 0 + 564?
564
In base 4, what is -332 - -1102?
110
In base 6, what is 111 + -105?
2
In base 6, what is -5 + 31?
22
In base 3, what is -2211 + -12?
-10000
In base 10, what is -2 + -87?
-89
In base 3, what is -12 - -11111?
11022
In base 10, what is 5 + -98?
-93
In base 14, what is -4b - 2?
-4d
In base 3, what is 0 - -21?
21
In base 3, what is 10012121 + -11?
10012110
In base 5, what is -3 - 41021?
-41024
In base 13, what is -1b70 + -5?
-1b75
In base 6, what is 512 + 5?
521
In base 10, what is 0 - 0?
0
In base 13, what is -4 + c?
8
In base 9, what is -128 - -4?
-124
In base 6, what is -120 + -11?
-131
In base 16, what is -5 - 1a51?
-1a56
In base 4, what is -121 - -210?
23
In base 16, what is 3599 + -1?
3598
In base 11, what is 3 - 112?
-10a
In base 16, what is 659 - -7?
660
In base 3, what is 2100 - 2020?
10
In base 12, what is 45 - 9?
38
In base 10, what is 66 + -7?
59
In base 2, what is -11 - 1011100?
-1011111
In base 9, what is -22 - 25?
-47
In base 11, what is 40 + -46?
-6
In base 16, what is -68 - 5?
-6d
In base 4, what is 11 - 1101310?
-1101233
In base 12, what is 1 - 15?
-14
In base 12, what is 0 - -a5?
a5
In base 10, what is 48 - -326?
374
In base 3, what is -11 + -111?
-122
In base 3, what is 12 - 22?
-10
In base 12, what is 430 + -4?
428
In base 4, what is 0 - 221?
-221
In base 11, what is -5 + 438?
433
In base 6, what is 13 - 142?
-125
In base 2, what is -10000101 + 100?
-10000001
In base 11, what is -2 - -6a?
68
In base 15, what is -38e1 - 3?
-38e4
In base 5, what is 4 + -240?
-23